*3. Let u be m(12). What is l(u)?
10
Let m = 2302 + -2294. Let v(g) = -g**2 + 10*g - 1. Calculate v(m).
15
Let x(r) = 17*r**3 - 1. Suppose 2*b + 14 = 3*g, 0 = b + 16*g - 13*g - 11. Give x(b).
-18
Suppose z - 8 = 1. Suppose z + 11 = -4*k. Let w(g) be the first derivative of g**3/3 + 3*g**2/2 + 3*g + 46. Give w(k).
13
Suppose 0 = 5*g - 2*p - 2 - 0, -4*p + 16 = 0. Let u(c) = 6 + 6*c + 1 + 3*c**g - 5*c**2. What is u(5)?
-13
Let r(w) = 2*w**2 + 28*w - 25. Let b be r(-15). Let o(y) = -y. Determine o(b).
-5
Let h(f) = -4*f - 4 + 0*f + 2*f. Calculate h(-3).
2
Let r(b) = 1 - 7*b + 12*b + 9 - b**2. Suppose 3*o - 3*d - 26 = -2*d, 4*o - 8 = -4*d. Give r(o).
-4
Suppose 0 = 2*l - v + 3, -l + v + 0*v = 4. Let n(t) = -2*t**2 - 1. Let o be n(l). Let f be 3 - 6 - -6 - o. Let s(y) = y**2 - 6*y - 4. What is s(f)?
-4
Let t(m) = -58 - 10*m + 41 - m**2 + 14. Give t(-6).
21
Let s(j) = 2 + 3*j - j**2 + 3*j + 1. Let d(q) be the first derivative of -q**2/2 + 6*q - 22. Let f be d(0). Determine s(f).
3
Let t = 2 - -1. Let n(k) = 2*k**2 + 2*k**2 + 5*k**t - 2 - 6*k**3. Let y be 8/6*(-3 - -6). What is n(y)?
-2
Let s be -2 + 7*(-1 - -2). Suppose u + g = -g - 13, s*g + 20 = 0. Let x(f) = f**3 + 4*f**2 - 6*f - 7. Let z be x(u). Let q(k) = k**3 - 3*k - 3. Give q(z).
-5
Let i(u) = -u**2 - 9*u - 10. Let v(j) = -2*j**2 + 17*j + 21. Let q be 2/(-12)*-4*3 + 8. Let m be v(q). Determine i(m).
-10
Let n(g) = g + 6 - 1 - 2*g. Let x(t) = -2*t + 3. Let k be x(-5). Suppose -2*y + 21 - k = 0. Determine n(y).
1
Let b(m) = -4*m + 10. Let s(v) = 10*v - 29. Let p(g) = -8*b(g) - 3*s(g). Determine p(-5).
-3
Let q(r) = -17*r**3 + r. Let c(a) = -1 - 1 - a - 14*a**3 + 1 + 13*a**3. Let n be c(-1). Give q(n).
-16
Let r(a) = -7*a**2 - 3*a - 5. Let k(p) = 14*p**2 + 5*p + 8. Let q(t) = 3*k(t) + 5*r(t). Calculate q(-1).
6
Let h(w) = -w**3 + 4*w**2 - 2*w - 3. Let p be h(3). Let o(n) be the third derivative of n**5/60 + 4*n**3/3 - 27*n**2. Calculate o(p).
8
Suppose -j = -5*m + 26, j = -0*j - 3*m + 14. Let c(p) = 3*p + 21*p**2 - 3*p - 78 + 79 + p. Calculate c(j).
21
Let t(x) = 0 + 1 + 3*x + x. Let p = 12 + 7. Let s(u) = u**2 - 17*u - 41. Let a be s(p). Give t(a).
-11
Let x(w) = w - 2. Let b = 6 + -4. Suppose 2*m + 5*h + 26 = -2*m, -b*h = -4*m - 40. Let f = 12 + m. Calculate x(f).
1
Let c(f) = -f**2 + 12*f - 16. Suppose -18*t + 214 = 16. Give c(t).
-5
Suppose -5 = -q - 0. Suppose q*u - 3*u - 5*u = 0. Let g(a) = a + 3. What is g(u)?
3
Let a(k) = -k**2 + 9*k - 3. Let r(n) = n**2 - 6*n - 308. Let u be r(-15). Determine a(u).
11
Suppose -d + 0*d = 0. Let l(x) = x + 8*x - 5*x - 3*x + 2. Give l(d).
2
Let q(j) be the first derivative of 4*j**2 - 3*j + 108. Let f = 9 + -4. Suppose -8 = -f*z + z. Give q(z).
13
Suppose -2*v + 6 = x, x + 2*x = -3*v + 21. Let u(p) = -p**2 + p**2 + p**2 + 27*p + 6 - 35*p. Calculate u(x).
6
Let s(r) = -4*r - 11*r + 18*r + 50 + 0*r. Calculate s(-14).
8
Let w(d) be the second derivative of -2/3*d**3 + 1/12*d**4 + 5/2*d**2 + 0 + 3*d. Let g(f) be the first derivative of w(f). Give g(3).
2
Let x = -1 + 7. Let m = 20 + -16. Let t(d) = -d + m + 4 + 1 - 2. Calculate t(x).
1
Let p(o) = -4*o + 1. Let a(y) = -11*y - 2 - 1 + 20*y. Let t(u) = 3*a(u) + 7*p(u). Suppose 0*g = -g + 2*g. Give t(g).
-2
Suppose -2*d - 38 = -7*d + b, 3 = -b. Let j = 2 - d. Let v(u) be the third derivative of u**6/120 + u**5/15 - u**4/4 + 2*u**3/3 - 21*u**2. Give v(j).
9
Let y(t) = t**3 - 6*t**2 - 3*t - 5. Suppose 0 = -26*c + 156 + 26. What is y(c)?
23
Let g(l) = -11*l**2 - 3*l**3 + 14*l + 20*l**2 + 0*l**2 - 12 + 2*l**3. Give g(10).
28
Let o(f) = 7*f + 15. Let x(t) = -3*t - 7. Let r(z) = -2*o(z) - 5*x(z). Suppose -7*j = -5 - 23. Suppose 5*g - 8 = 4*d, j*d - 2*d - 2*g + 6 = 0. Determine r(d).
-2
Let b(w) = 35*w - 44. Let k(x) = -24*x + 31. Let f(v) = 5*b(v) + 7*k(v). Calculate f(-5).
-38
Let i(b) = 39 - 17 - 22 - b**2. Suppose -2*a = -5 + 1. Suppose 5*c - s = a*s - 10, 4*c = -4*s + 24. Determine i(c).
-1
Let n = -28 + 43. Suppose 0 = -5*k - 0*k - n. Let j(d) = -13*d**2 - 6*d + 7. Let p(q) = 7*q**2 + 3*q - 4. Let t(i) = 6*j(i) + 11*p(i). Give t(k).
-2
Let b(y) be the first derivative of -y**2/2 - 2*y + 91. Give b(13).
-15
Let j be 452/(-1680) - 4*(-6)/84. Let t(r) be the third derivative of -1/3*r**3 + j*r**5 + 4*r**2 + 0 + 0*r + 1/4*r**4. Calculate t(-5).
-7
Let y(h) = -2 - 3*h + 5*h + h. Let l(j) = -4*j + 3. Let d(n) = -2*l(n) - 3*y(n). Determine d(-1).
1
Let r be (-1)/(-3) + (-2)/(-3). Let k(y) = 12*y - 1. Let d(x) = x. Let n = -3 - -4. Let z(i) = n*k(i) + 3*d(i). What is z(r)?
14
Let s(v) = 14*v - 16. Let y(g) = 5*g - 6. Let w(d) = 6*s(d) - 17*y(d). What is w(2)?
4
Let i be (7 + -3)/4*-3. Let v(c) = -6*c**2 + 3*c + 1. Let f(q) = -10*q**2 + 6*q + 1. Let p(l) = -4*f(l) + 7*v(l). Give p(i).
-6
Let m(o) = -20*o - 1. Suppose -x - 4*x - 7 = -w, -5*w = 2*x - 8. Give m(x).
19
Let h be 0 - (-2)/((-10)/45). Let b be h/(3 + 0) + 4. Let f(n) = 4*n**3 + n**2 - 2*n + 1. Determine f(b).
4
Let j(o) = -o**2 - o - 1. Suppose -l + 2 = 3. Let m(u) = -9*u - 3*u + 7*u - 2*u - u**2 - 7. Let x(a) = l*m(a) + 2*j(a). What is x(5)?
5
Suppose 2*n = 3*n - 4. Suppose 0 = n*h - 5*s + 5, -5*h + 68 = 4*s + 23. Suppose 0 = h*j - 21 + 1. Let v(q) = q**2 - 5*q + 4. What is v(j)?
0
Let g(c) = c**3 + 6*c**2 - 7*c - 4. Let k = 109 - 116. Let x be g(k). Let h(o) = 2*o + 4. Give h(x).
-4
Let r = 870 - 876. Suppose -2*z + 13 = -w, 4*z - 2*w - 31 = w. Let l(p) = z*p**2 + 3*p**2 + 2*p**3 + 8*p - p**3. Give l(r).
-12
Let m(u) = -u + 9. Let d(b) = 21*b - 78. Let v be d(4). What is m(v)?
3
Let f be 24/27 - (-8)/72. Let z(i) = -5*i**2 + 2*i. Let a(t) = 10*t**2 - 5*t. Let g(y) = 2*a(y) + 5*z(y). Give g(f).
-5
Let i(m) = m**2 + 12*m - 15. Suppose -3*s - 5*t = 209, -t = -8*s + 4*s - 271. Let g = -81 - s. Give i(g).
-2
Suppose 5 = i - 0. Let x(g) be the third derivative of 0 - g**2 - 1/24*g**4 - g**3 + 0*g. Determine x(i).
-11
Let o(p) be the second derivative of -p**3/6 - 2*p**2 - 10*p. Let r be o(3). Let j(c) = -c**3 - 6*c**2 + 5*c - 3. Determine j(r).
11
Let m = -556 + 560. Let k(l) = l**2 - 2*l - 7. What is k(m)?
1
Let d be 4/6 - (-11)/(-3). Let l(o) be the second derivative of -o**5/40 - o**4/6 + 5*o**3/3 + 15*o. Let c(i) be the second derivative of l(i). Determine c(d).
5
Let o(d) be the first derivative of -d**2/2 + 9*d + 5. Let i be o(9). Let g(h) = -1 - 11*h**3 + 3*h + 10*h**3 + 3 + i + 3*h**2. Calculate g(4).
-2
Suppose 0 = -2*b + 4*b + 16. Let p(f) be the third derivative of -f**4/24 - f**3 - 6*f**2. Determine p(b).
2
Let r(b) be the second derivative of -b**4/12 + 2*b**3 + 13*b**2/2 - 29*b. Calculate r(12).
13
Let d(s) = 8*s**3 - 3*s**2 - 2*s. Let k(y) = -y**2. Let z(v) = d(v) - 2*k(v). Let u be z(-1). Let r(l) = -2*l + 4. Give r(u).
18
Suppose -13 = 14*r + 43. Let a be (-8)/6*(-6)/4. Let c(i) = -i - 2*i**3 + 5*i**a + 4*i + 5 + 3*i**3. Calculate c(r).
9
Let l be 1*(-3 - 80/(-25))*5. Let g(d) = 2*d**2 - 2*d - 2. Let q be g(2). Let m(a) = 2 + 4*a + 2 - q*a - l. What is m(-3)?
-3
Suppose 0 = -l - l + 94. Let w(d) = -l*d**2 - 22*d + 23*d - 3 + 50*d**2. What is w(3)?
27
Let y(c) = -c**2 + 10*c - 6. Let d be y(9). Let w(s) be the second derivative of -5*s + 1/6*s**d + 0 + 2*s**2. What is w(-6)?
-2
Let z(u) = -24*u - 169. Let x be z(-7). Let o(b) = -34*b**2 + b + 1. Give o(x).
-34
Suppose i - 197 = -3*z, -z - 3*i + 31 = -24. Let t(u) = 70*u - 136*u + z*u. Calculate t(-6).
-6
Let p = -2 - 4. Let h(y) = -10*y + 11. Let l(q) = 18*q - 21. Let s(t) = 7*h(t) + 4*l(t). Let f(a) = 4*a - 14. Let z(d) = p*f(d) + 11*s(d). Calculate z(7).
-7
Let r(v) = -13 + 174*v - 364*v + 183*v + v**2. Determine r(10).
17
Suppose 15*c = 21*c - 126. Suppose -c*f + 25 = 88. Let i(j) = 3*j + 3. Let n(g) = 3*g + 2. Let d(m) = 3*i(m) - 4*n(m). Determine d(f).
10
Suppose 0 = 3*w + 2*d + 2, 4*w + 0 + 21 = d. Let p(r) = -5*r**2 + r**3 + 0*r - 2*r**3 - 2*r + 0*r + 1. What is p(w)?
-7
Let c(d) = 3*d**3 - 9*d**2 + 14*d - 6. Let w(y) = 10*y**3 - 25*y**2 + 43*y - 18. Let s(v) = -7*c(v) + 2*w(v). Determine s(12).
6
Let w(p) = p**2 - 19*p + 73. Let s be w(13). Let q(d) = d**3 + 4*d**2 + d - 3. Let g be q(-3). Let u(m) = 0*m - m + g - 5. Determine u(s).
3
Suppose 7*a - 3 - 11 = 0. Let c(p) = 2*p + 13*p**3 - 29*p**3 + 5*p**a + 18*p**3. What is c(-3)?
-15
Suppose -5*k - 7 = -2. Let q(m) be the first derivative o